{"id":231,"date":"2022-03-23T18:41:49","date_gmt":"2022-03-23T18:41:49","guid":{"rendered":"https:\/\/www.agrotolhuin.com.ar\/carrito\/?post_type=product&#038;p=231"},"modified":"2023-10-12T17:01:25","modified_gmt":"2023-10-12T17:01:25","slug":"turba-intermedia-rubia-5dm","status":"publish","type":"product","link":"https:\/\/www.agrotolhuin.com.ar\/carrito\/producto\/turba-intermedia-rubia-5dm\/","title":{"rendered":"Turba Rubia Intermedia <br\/> 5 dm3<br\/>Consultar Precio"},"content":{"rendered":"","protected":false},"excerpt":{"rendered":"<p><strong>TURBA INTERMEDIA<\/strong><br \/>\nTurba parda pura sin adici\u00f3n de productos qu\u00edmicos, pH acido, con granulometr\u00eda intermadia, viene con los palitos tipicos de la turba.<\/p>\n<p><strong>BENEFICIOS<\/strong><br \/>\nRecomendada para campos deportivos y elaboraci\u00f3n de sustratos para llenado de macetas y tambi\u00e9n se aplica en el armado de camellones para plantaciones de ar\u00e1ndanos, frambuesa y otros berries que requieren suelo \u00e1cido.<\/p>\n<p><strong>PRESENTACION<\/strong><br \/>\nBolsa de 20 litros<\/p>\n<p><img decoding=\"async\" loading=\"lazy\" class=\"alignnone size-full wp-image-347\" src=\"https:\/\/www.agrotolhuin.com.ar\/carrito\/wp-content\/uploads\/2022\/03\/tabla.jpg\" alt=\"\" width=\"350\" height=\"436\" srcset=\"https:\/\/www.agrotolhuin.com.ar\/carrito\/wp-content\/uploads\/2022\/03\/tabla.jpg 350w, https:\/\/www.agrotolhuin.com.ar\/carrito\/wp-content\/uploads\/2022\/03\/tabla-241x300.jpg 241w, https:\/\/www.agrotolhuin.com.ar\/carrito\/wp-content\/uploads\/2022\/03\/tabla-19x24.jpg 19w, https:\/\/www.agrotolhuin.com.ar\/carrito\/wp-content\/uploads\/2022\/03\/tabla-29x36.jpg 29w, https:\/\/www.agrotolhuin.com.ar\/carrito\/wp-content\/uploads\/2022\/03\/tabla-39x48.jpg 39w\" sizes=\"(max-width: 350px) 100vw, 350px\" \/><\/p>\n<p>&nbsp;<\/p>\n","protected":false},"featured_media":358,"template":"","meta":{"_et_pb_use_builder":"","_et_pb_old_content":"","_et_gb_content_width":""},"product_cat":[17],"product_tag":[],"_links":{"self":[{"href":"https:\/\/www.agrotolhuin.com.ar\/carrito\/wp-json\/wp\/v2\/product\/231"}],"collection":[{"href":"https:\/\/www.agrotolhuin.com.ar\/carrito\/wp-json\/wp\/v2\/product"}],"about":[{"href":"https:\/\/www.agrotolhuin.com.ar\/carrito\/wp-json\/wp\/v2\/types\/product"}],"wp:featuredmedia":[{"embeddable":true,"href":"https:\/\/www.agrotolhuin.com.ar\/carrito\/wp-json\/wp\/v2\/media\/358"}],"wp:attachment":[{"href":"https:\/\/www.agrotolhuin.com.ar\/carrito\/wp-json\/wp\/v2\/media?parent=231"}],"wp:term":[{"taxonomy":"product_cat","embeddable":true,"href":"https:\/\/www.agrotolhuin.com.ar\/carrito\/wp-json\/wp\/v2\/product_cat?post=231"},{"taxonomy":"product_tag","embeddable":true,"href":"https:\/\/www.agrotolhuin.com.ar\/carrito\/wp-json\/wp\/v2\/product_tag?post=231"}],"curies":[{"name":"wp","href":"https:\/\/api.w.org\/{rel}","templated":true}]}}